 factors of w.
3, 17, 19, 23
Suppose 2*c + 19 = -9. Let l(s) = 3*s**2 + 11*s + 45. Let k be l(c). Let d = k + -303. List the prime factors of d.
2, 11
Let p = -43406 + 95129. What are the prime factors of p?
3, 7, 821
Suppose -218*i + 298*i = 1420000. List the prime factors of i.
2, 5, 71
Let w(h) = 114*h - 28. Let n be w(2). Suppose -9*c + n = -8*c + 3*b, -3*c - 3*b + 576 = 0. List the prime factors of c.
2, 47
Let z = 34928 - 24246. What are the prime factors of z?
2, 7, 109
Let u(l) be the first derivative of -73*l**4/24 - l**3/6 + 7*l**2 - 10. Let i(d) be the second derivative of u(d). List the prime factors of i(-1).
2, 3
Let t be (-551)/(-4) + 3*(-2)/(-24). Suppose -3*k - 10 = 188. Let g = k + t. List the prime factors of g.
2, 3
Suppose 10*w = -9*w + 133. Let g(o) = o**3 - 8*o**2 + 8*o - 3. List the prime factors of g(w).
2
Let g = 36846 - 18657. What are the prime factors of g?
3, 43, 47
Let z(k) = 2*k**3 - 20*k**2 + 36*k + 49. What are the prime factors of z(17)?
3, 523
Let m(r) = 41*r**2 + 148*r + 241. What are the prime factors of m(-22)?
16829
Suppose -78 = -15*w + 2*w. Suppose 3*h - w*h = -5*l + 3213, 3*l - 1922 = -4*h. List the prime factors of l.
2, 3, 107
Let u be 4*((-12)/16)/((-9)/42). Suppose 0 = -5*p - 181 - u. Let y = -35 - p. What are the prime factors of y?
2
Suppose -3*q + 3*p + 8919 = 0, p - 3 = 2. What are the prime factors of q/5 - (-42)/(-70)?
5, 7, 17
Let n = 2057 - 419. Let y = 2312 - n. What are the prime factors of y?
2, 337
Let p = -387 - -383. Let x(n) = n**2 + 9*n - 7. Let h(z) = -z**2 - 5*z + 4. Let c(s) = -7*h(s) - 4*x(s). List the prime factors of c(p).
2, 13
Suppose -5*i + 2101 = -3*b, 3*i - 455 - 808 = 3*b. Suppose -2*f - 85 = 4*r - 247, -5*f + i = -4*r. What are the prime factors of f?
83
Let b = -21567 - -41029. What are the prime factors of b?
2, 37, 263
Suppose 50*s - 13823 - 312377 = 0. List the prime factors of s.
2, 7, 233
Suppose -137*z = -30*z + 374452 - 1131370. What are the prime factors of z?
2, 3, 131
Suppose 53*o = 3*y + 55*o - 95669, -o = -4*y + 127533. List the prime factors of y.
5, 7, 911
Let s(a) = -2*a**2 - 6*a + 5. Let g be s(3). Let w = 37 + g. Suppose w*r = -r + 616. List the prime factors of r.
2, 11
Suppose -3*q = -r + 3240, -r + 51*q = 53*q - 3215. What are the prime factors of r?
3, 5, 43
Suppose 2*v = 5*y + 209 + 489, 0 = 3*y + 12. Suppose -2*k + v = -311. List the prime factors of k.
5, 13
Suppose -4*m = 5*u - 85, -2*u - 1 + 35 = -m. Let l(r) = r**3 - 18*r**2 + 28*r - 51. List the prime factors of l(u).
2, 17
Suppose -15 + 5 = -5*d. Suppose -4*u = d*u - 4*u. What are the prime factors of (-4 + (u - -2))*(-12 - -1)?
2, 11
Let d(b) = 11*b**2 - 4. Let k be d(3). Let q = k + -106. Let t = q - -51. What are the prime factors of t?
2, 5
Suppose -10*b - 1073 + 403 = 0. Let t = -122 - b. Let v = t + 205. List the prime factors of v.
2, 3, 5
Let o(t) = 4031*t**2 + 19*t + 19. List the prime factors of o(-1).
29, 139
Suppose -561005 = -218*g + 73*g. What are the prime factors of g?
53, 73
Let y = 183 - 186. Let j(t) = 58*t**2 + 4*t + 16. List the prime factors of j(y).
2, 263
Let k(z) be the third derivative of -z**6/20 + z**5/12 - z**4/24 + 7*z**3/6 - 23*z**2. List the prime factors of k(-5).
887
Let l = -1451 - -764. Let m = l + 843. What are the prime factors of m?
2, 3, 13
Suppose 0 = 5*l - 9*x + 6*x + 12, 0 = -x + 4. Suppose l*q - q + 2*w + 158 = 0, -4*q - w = -677. List the prime factors of q.
2, 3, 7
Suppose 0 = 5*v - 2*c - 35, 2*v = 4*c - 2 + 32. Suppose -5*x + 354 = 4*k, 4*k - v*x = 7*k - 268. What are the prime factors of k?
2, 43
Let f(d) = -7*d**3 + 3*d**2 + 108*d + 303. List the prime factors of f(-19).
113, 419
Let a(x) = x**3 - 7*x**2 + 6*x - 2. Let y be a(6). Let z(f) = -18*f**3 - f**2 + 4*f + 13. List the prime factors of z(y).
5, 29
Let l be -1 - 3 - (-2)/((-2)/1321). Let p = l - -2709. What are the prime factors of p?
2, 173
Let w(j) = -4*j - 23. Let z be w(-6). Let r(g) = 38*g + 2 + g**2 + 19*g**3 + 8*g**3 - 41*g. List the prime factors of r(z).
3
Let j(b) = -b**3 + 5*b**2 + 22*b + 11. Let r be j(8). Let c(i) = -188*i - 19. List the prime factors of c(r).
3, 307
Let g(k) = 5*k**3 + 4*k - 7. Let b be g(3). Let s = b - 29. What are the prime factors of s?
3, 37
Let m(s) = 158*s**2 + 9*s - 23. Let v be m(2). Let d = 1039 - v. What are the prime factors of d?
2, 103
Let h(x) = 52*x - 55. Let i be h(6). Let f = -129 + i. What are the prime factors of f?
2
Let o(w) = 2*w**2 + 2*w - 1. Let x be o(-2). Suppose 3*d = -3*i + 66, -9*d + 5*d = -4*i - 72. List the prime factors of d/(35/(-15) + x).
2, 3, 5
Suppose 28533 + 120092 = 5*q - 5*h, -118906 = -4*q + 2*h. What are the prime factors of q?
2, 929
Let d(q) be the third derivative of 61*q**4/24 + 19*q**3/6 - 3*q**2 + 56*q. List the prime factors of d(3).
2, 101
Suppose 40 = -20*b + 25*b. Suppose -2*q - 37 = -a, 3*q - 6*a + b*a + 38 = 0. List the prime factors of (-153)/(-2)*(q/(-3) + -4).
2, 3, 17
Let b(o) = 11*o**2 - 4*o + 3. Let p(n) = 2*n**2 - n. Let r(v) = -b(v) + 2*p(v). Let s be r(1). List the prime factors of (-2194)/s - 9/(-12).
5, 11
Suppose -4*p + 0*p - 4 = 0, -3*p + 378 = 3*a. Let i = -202 + a. List the prime factors of (5/3)/((-3 + 2)/i).
5
Let u be ((-3 + (-5 - -8))/(-1))/(-2). Suppose 4*q + 5*h + 0*h - 2504 = u, 0 = 3*h. What are the prime factors of q?
2, 313
Suppose -5*y + 4*z = -0 + 2, -2*y - z + 7 = 0. Let i(f) = 3*f - 2*f**y - 3 + 0*f**2 + 3*f**2 + f. What are the prime factors of i(8)?
3, 31
Let f(y) = -489*y - 249. What are the prime factors of f(-3)?
2, 3, 7, 29
Let z(m) = m**2 - 15*m - 7. Let d be z(14). Let r = -24 - d. What are the prime factors of (-3 - r) + (0 - -13)?
13
Let b(g) = 19*g + 34. Let u(i) = -10*i - 17. Let x(p) = 3*b(p) + 5*u(p). Let j = 1159 + -1149. List the prime factors of x(j).
3, 29
Suppose -6*a + 9*a = 44*a - 603725. List the prime factors of a.
5, 19, 31
Let k(g) = 20*g - g + 15*g - 66 - 8. List the prime factors of k(7).
2, 41
List the prime factors of ((-32426)/(-4) - 4) + ((-51)/2)/(-17).
2, 1013
Suppose t + 130 - 115 = 0. What are the prime factors of (2 - (-24)/t) + 9207/45?
5, 41
Let u(x) = -x**2 - 6*x. Let d be u(-5). Suppose 0 = -d*z - 0*z + 2125. What are the prime factors of z?
5, 17
Let j = -44035 + 78589. What are the prime factors of j?
2, 3, 13, 443
Suppose 0 = 3*t - 2*h - 8, 4*h + 16 = -8*t + 5*t. Suppose 16*z - 19*z + 12 = t. Suppose 0 = 2*m - 176 + z. What are the prime factors of m?
2, 43
Suppose 21*r = -6073 - 12428. Let n = 1444 + r. What are the prime factors of n?
563
Let z = -45608 + 76059. What are the prime factors of z?
37, 823
Let p(x) = -20*x + 7. Let c(w) = -10*w + 4. Let s(v) = 7*c(v) - 3*p(v). Let t be s(-3). Suppose 74 = d + t. What are the prime factors of d?
37
Suppose -3*z = 5*k - 42085, 2*k + z - 12652 = 4183. What are the prime factors of k?
2, 5, 421
Suppose 5*p + 65 = 5*h - 0*h, 2*h + 6 = -2*p. Let x(u) = -4*u**3 - 18*u**2 + u + 12. What are the prime factors of x(p)?
2, 3, 5
Let t = -42524 + 106076. List the prime factors of t.
2, 3, 331
Suppose -q - h - 336 = -4*h, 5*h = 25. Let z = q - -323. What are the prime factors of z?
2
List the prime factors of 979*(5 + -6 + 19).
2, 3, 11, 89
Let n = -3084 + 7940. What are the prime factors of n?
2, 607
Suppose -3*y - 4 = -y, 2*y - 84 = -4*v. Let j = -28 + v. List the prime factors of (-18)/(-12)*(-376)/j.
2, 47
Let b = 12436 + -7069. What are the prime factors of b?
3, 1789
Suppose -4*c - 1128 - 287 = -3*w, w + 2*c - 465 = 0. List the prime factors of w.
7, 67
Suppose -24 = -22*u + 30*u. List the prime factors of 83 + u/2*(-6)/(-9).
2, 41
Let g(q) = -3084*q**3 - 22*q**2 + 12. What are the prime factors of g(-2)?
2, 11, 13, 43
Let l(a) = -a**3 - a**2 + 3*a + 93. Let q be l(0). Suppose -89*c = -q*c + 912. List the prime factors of c.
2, 3, 19
Suppose -445885 + 7755 = -18*j + 136196. What are the prime factors of j?
31907
Suppose 5*k + 283 - 713 = 0. Let g = k + 30. List the prime factors of g.
2, 29
Suppose y - 3*y + 2955 = g, -2*y - 2*g + 2956 = 0. Suppose -f = -8*f + y. Suppose -q + f = s, s + 0*q - 4*q = 216. List the prime factors of s.
2, 53
Let x = 228 + 3073. Suppose -4*d + 5*o + x = -0*d, 3286 = 4*d - 2*o. Suppose 0 = 3*q + 6*q - d. List the prime factors of q.
7, 13
Let b = -21324 + 5